{"id":25,"date":"2019-07-15T15:13:39","date_gmt":"2019-07-15T15:13:39","guid":{"rendered":"http:\/\/www.hasev.org.tr\/?page_id=25"},"modified":"2019-07-15T16:15:26","modified_gmt":"2019-07-15T16:15:26","slug":"amacimiz","status":"publish","type":"page","link":"https:\/\/www.hasev.org.tr\/?page_id=25","title":{"rendered":"Amac\u0131m\u0131z"},"content":{"rendered":"\n<p>Vatan\u0131n\u0131, milletini seven, milletin sahip oldu\u011fu ulvi de\u011ferler u\u011frunda \u00e7al\u0131\u015facak, milli birlik ve b\u00fct\u00fcnl\u00fc\u011f\u00fcm\u00fcz\u00fc bozacak her t\u00fcrl\u00fc giri\u015fim ve tehlikelere kar\u015f\u0131 g\u00f6\u011fs\u00fcn\u00fc siper edecek imanl\u0131, ahlakl\u0131, \u00e7al\u0131\u015fkan, yalans\u0131z ve harams\u0131z p\u0131rlanta gibi bir nesil yeti\u015ftirmek. Bu hedefte g\u00fczel bir model olu\u015fturmak ve hay\u0131rl\u0131 bir \u00e7\u0131\u011f\u0131r a\u00e7mak.<\/p>\n","protected":false},"excerpt":{"rendered":"<p>Vatan\u0131n\u0131, milletini seven, milletin sahip oldu\u011fu ulvi de\u011ferler u\u011frunda \u00e7al\u0131\u015facak, milli birlik ve b\u00fct\u00fcnl\u00fc\u011f\u00fcm\u00fcz\u00fc bozacak her t\u00fcrl\u00fc giri\u015fim ve tehlikelere kar\u015f\u0131 g\u00f6\u011fs\u00fcn\u00fc siper edecek imanl\u0131, ahlakl\u0131, \u00e7al\u0131\u015fkan, yalans\u0131z ve harams\u0131z p\u0131rlanta gibi bir nesil yeti\u015ftirmek. Bu hedefte g\u00fczel bir model olu\u015fturmak ve hay\u0131rl\u0131 bir \u00e7\u0131\u011f\u0131r a\u00e7mak.<\/p>\n","protected":false},"author":2,"featured_media":34,"parent":0,"menu_order":0,"comment_status":"closed","ping_status":"closed","template":"","meta":{"footnotes":""},"_links":{"self":[{"href":"https:\/\/www.hasev.org.tr\/index.php?rest_route=\/wp\/v2\/pages\/25"}],"collection":[{"href":"https:\/\/www.hasev.org.tr\/index.php?rest_route=\/wp\/v2\/pages"}],"about":[{"href":"https:\/\/www.hasev.org.tr\/index.php?rest_route=\/wp\/v2\/types\/page"}],"author":[{"embeddable":true,"href":"https:\/\/www.hasev.org.tr\/index.php?rest_route=\/wp\/v2\/users\/2"}],"replies":[{"embeddable":true,"href":"https:\/\/www.hasev.org.tr\/index.php?rest_route=%2Fwp%2Fv2%2Fcomments&post=25"}],"version-history":[{"count":2,"href":"https:\/\/www.hasev.org.tr\/index.php?rest_route=\/wp\/v2\/pages\/25\/revisions"}],"predecessor-version":[{"id":49,"href":"https:\/\/www.hasev.org.tr\/index.php?rest_route=\/wp\/v2\/pages\/25\/revisions\/49"}],"wp:featuredmedia":[{"embeddable":true,"href":"https:\/\/www.hasev.org.tr\/index.php?rest_route=\/wp\/v2\/media\/34"}],"wp:attachment":[{"href":"https:\/\/www.hasev.org.tr\/index.php?rest_route=%2Fwp%2Fv2%2Fmedia&parent=25"}],"curies":[{"name":"wp","href":"https:\/\/api.w.org\/{rel}","templated":true}]}}