{"id":29,"date":"2019-07-15T15:22:03","date_gmt":"2019-07-15T15:22:03","guid":{"rendered":"http:\/\/www.hasev.org.tr\/?page_id=29"},"modified":"2022-06-15T21:12:55","modified_gmt":"2022-06-15T21:12:55","slug":"2019-yili-faaliyetlerimiz","status":"publish","type":"page","link":"https:\/\/www.hasev.org.tr\/?page_id=29","title":{"rendered":"2019 Y\u0131l\u0131 Faaliyetlerimiz"},"content":{"rendered":"\n<div class=\"wp-block-media-text alignwide\"><figure class=\"wp-block-media-text__media\"><img loading=\"lazy\" decoding=\"async\" width=\"768\" height=\"1024\" src=\"http:\/\/www.hasev.org.tr\/wp-content\/uploads\/2019\/08\/kamp1-768x1024.jpeg\" alt=\"\" class=\"wp-image-91\" srcset=\"https:\/\/www.hasev.org.tr\/wp-content\/uploads\/2019\/08\/kamp1-768x1024.jpeg 768w, https:\/\/www.hasev.org.tr\/wp-content\/uploads\/2019\/08\/kamp1-225x300.jpeg 225w, https:\/\/www.hasev.org.tr\/wp-content\/uploads\/2019\/08\/kamp1.jpeg 1200w\" sizes=\"(max-width: 768px) 100vw, 768px\" \/><\/figure><div class=\"wp-block-media-text__content\">\n\n<p>3-7 A\u011fustos 2019\u2019da orta okul \u00f6\u011frencilerine y\u00f6nelik \u0130ngilizce ve  Arap\u00e7a dersleri, de\u011ferler e\u011fitimi, geziler ve etkinlikleri kapsayan HASEV Yaz Kamp\u0131 Beykoz\u2019da ger\u00e7ekle\u015fti.<\/p>\n\n\n<h6 class=\"wp-block-heading\" id=\"mce_3\"><br><\/h6>\n\n\n<h6 class=\"wp-block-heading\"><br><\/h6>\n\n<\/div><\/div>\n\n\n\n<figure class=\"wp-block-gallery has-nested-images columns-default wp-block-gallery-1 is-layout-flex wp-block-gallery-is-layout-flex\">\n<figure class=\"wp-block-image\"><img loading=\"lazy\" decoding=\"async\" width=\"768\" height=\"1024\" data-id=\"125\" src=\"http:\/\/www.hasev.org.tr\/wp-content\/uploads\/2019\/08\/kamp3-768x1024.jpeg\" alt=\"\" class=\"wp-image-125\" srcset=\"https:\/\/www.hasev.org.tr\/wp-content\/uploads\/2019\/08\/kamp3-768x1024.jpeg 768w, https:\/\/www.hasev.org.tr\/wp-content\/uploads\/2019\/08\/kamp3-225x300.jpeg 225w, https:\/\/www.hasev.org.tr\/wp-content\/uploads\/2019\/08\/kamp3.jpeg 1200w\" sizes=\"(max-width: 768px) 100vw, 768px\" \/><\/figure>\n\n\n\n<figure class=\"wp-block-image\"><img loading=\"lazy\" decoding=\"async\" width=\"768\" height=\"1024\" data-id=\"126\" src=\"http:\/\/www.hasev.org.tr\/wp-content\/uploads\/2019\/08\/kamp4-768x1024.jpeg\" alt=\"\" class=\"wp-image-126\" srcset=\"https:\/\/www.hasev.org.tr\/wp-content\/uploads\/2019\/08\/kamp4-768x1024.jpeg 768w, https:\/\/www.hasev.org.tr\/wp-content\/uploads\/2019\/08\/kamp4-225x300.jpeg 225w, https:\/\/www.hasev.org.tr\/wp-content\/uploads\/2019\/08\/kamp4.jpeg 1200w\" sizes=\"(max-width: 768px) 100vw, 768px\" \/><\/figure>\n\n\n\n<figure class=\"wp-block-image\"><img loading=\"lazy\" decoding=\"async\" width=\"768\" height=\"1024\" data-id=\"129\" src=\"http:\/\/www.hasev.org.tr\/wp-content\/uploads\/2019\/08\/kamp6-768x1024.jpeg\" alt=\"\" class=\"wp-image-129\" srcset=\"https:\/\/www.hasev.org.tr\/wp-content\/uploads\/2019\/08\/kamp6-768x1024.jpeg 768w, https:\/\/www.hasev.org.tr\/wp-content\/uploads\/2019\/08\/kamp6-225x300.jpeg 225w, https:\/\/www.hasev.org.tr\/wp-content\/uploads\/2019\/08\/kamp6.jpeg 1200w\" sizes=\"(max-width: 768px) 100vw, 768px\" \/><\/figure>\n\n\n\n<figure class=\"wp-block-image\"><img loading=\"lazy\" decoding=\"async\" width=\"768\" height=\"1024\" data-id=\"130\" src=\"http:\/\/www.hasev.org.tr\/wp-content\/uploads\/2019\/08\/kamp7-768x1024.jpeg\" alt=\"\" class=\"wp-image-130\" srcset=\"https:\/\/www.hasev.org.tr\/wp-content\/uploads\/2019\/08\/kamp7-768x1024.jpeg 768w, https:\/\/www.hasev.org.tr\/wp-content\/uploads\/2019\/08\/kamp7-225x300.jpeg 225w, https:\/\/www.hasev.org.tr\/wp-content\/uploads\/2019\/08\/kamp7.jpeg 1200w\" sizes=\"(max-width: 768px) 100vw, 768px\" \/><\/figure>\n\n\n\n<figure class=\"wp-block-image\"><img loading=\"lazy\" decoding=\"async\" width=\"1024\" height=\"768\" data-id=\"131\" src=\"http:\/\/www.hasev.org.tr\/wp-content\/uploads\/2019\/08\/kamp8-1024x768.jpeg\" alt=\"\" class=\"wp-image-131\" srcset=\"https:\/\/www.hasev.org.tr\/wp-content\/uploads\/2019\/08\/kamp8.jpeg 1024w, https:\/\/www.hasev.org.tr\/wp-content\/uploads\/2019\/08\/kamp8-300x225.jpeg 300w, https:\/\/www.hasev.org.tr\/wp-content\/uploads\/2019\/08\/kamp8-768x576.jpeg 768w\" sizes=\"(max-width: 1024px) 100vw, 1024px\" \/><\/figure>\n\n\n\n<figure class=\"wp-block-image\"><img loading=\"lazy\" decoding=\"async\" width=\"768\" height=\"1024\" data-id=\"132\" src=\"http:\/\/www.hasev.org.tr\/wp-content\/uploads\/2019\/08\/kamp9-768x1024.jpeg\" alt=\"\" class=\"wp-image-132\" srcset=\"https:\/\/www.hasev.org.tr\/wp-content\/uploads\/2019\/08\/kamp9-768x1024.jpeg 768w, https:\/\/www.hasev.org.tr\/wp-content\/uploads\/2019\/08\/kamp9-225x300.jpeg 225w, https:\/\/www.hasev.org.tr\/wp-content\/uploads\/2019\/08\/kamp9.jpeg 1200w\" sizes=\"(max-width: 768px) 100vw, 768px\" \/><\/figure>\n\n\n\n<figure class=\"wp-block-image\"><img loading=\"lazy\" decoding=\"async\" width=\"768\" height=\"1024\" data-id=\"133\" src=\"http:\/\/www.hasev.org.tr\/wp-content\/uploads\/2019\/08\/kamp10-768x1024.jpeg\" alt=\"\" class=\"wp-image-133\" srcset=\"https:\/\/www.hasev.org.tr\/wp-content\/uploads\/2019\/08\/kamp10-768x1024.jpeg 768w, https:\/\/www.hasev.org.tr\/wp-content\/uploads\/2019\/08\/kamp10-225x300.jpeg 225w, https:\/\/www.hasev.org.tr\/wp-content\/uploads\/2019\/08\/kamp10.jpeg 1200w\" sizes=\"(max-width: 768px) 100vw, 768px\" \/><\/figure>\n\n\n\n<figure class=\"wp-block-image\"><img loading=\"lazy\" decoding=\"async\" width=\"768\" height=\"1024\" data-id=\"134\" src=\"http:\/\/www.hasev.org.tr\/wp-content\/uploads\/2019\/08\/kamp11-768x1024.jpeg\" alt=\"\" class=\"wp-image-134\" srcset=\"https:\/\/www.hasev.org.tr\/wp-content\/uploads\/2019\/08\/kamp11-768x1024.jpeg 768w, https:\/\/www.hasev.org.tr\/wp-content\/uploads\/2019\/08\/kamp11-225x300.jpeg 225w, https:\/\/www.hasev.org.tr\/wp-content\/uploads\/2019\/08\/kamp11.jpeg 1200w\" sizes=\"(max-width: 768px) 100vw, 768px\" \/><\/figure>\n\n\n\n<figure class=\"wp-block-image\"><img loading=\"lazy\" decoding=\"async\" width=\"768\" height=\"1024\" data-id=\"135\" src=\"http:\/\/www.hasev.org.tr\/wp-content\/uploads\/2019\/08\/kamp12-768x1024.jpeg\" alt=\"\" class=\"wp-image-135\" srcset=\"https:\/\/www.hasev.org.tr\/wp-content\/uploads\/2019\/08\/kamp12-768x1024.jpeg 768w, https:\/\/www.hasev.org.tr\/wp-content\/uploads\/2019\/08\/kamp12-225x300.jpeg 225w, https:\/\/www.hasev.org.tr\/wp-content\/uploads\/2019\/08\/kamp12.jpeg 1200w\" sizes=\"(max-width: 768px) 100vw, 768px\" \/><\/figure>\n\n\n\n<figure class=\"wp-block-image\"><img loading=\"lazy\" decoding=\"async\" width=\"768\" height=\"1024\" data-id=\"136\" src=\"http:\/\/www.hasev.org.tr\/wp-content\/uploads\/2019\/08\/kamp13-768x1024.jpeg\" alt=\"\" class=\"wp-image-136\" srcset=\"https:\/\/www.hasev.org.tr\/wp-content\/uploads\/2019\/08\/kamp13-768x1024.jpeg 768w, https:\/\/www.hasev.org.tr\/wp-content\/uploads\/2019\/08\/kamp13-225x300.jpeg 225w, https:\/\/www.hasev.org.tr\/wp-content\/uploads\/2019\/08\/kamp13.jpeg 1200w\" sizes=\"(max-width: 768px) 100vw, 768px\" \/><\/figure>\n\n\n\n<figure class=\"wp-block-image\"><img loading=\"lazy\" decoding=\"async\" width=\"1024\" height=\"768\" data-id=\"137\" src=\"http:\/\/www.hasev.org.tr\/wp-content\/uploads\/2019\/08\/kamp14-1024x768.jpeg\" alt=\"\" class=\"wp-image-137\" srcset=\"https:\/\/www.hasev.org.tr\/wp-content\/uploads\/2019\/08\/kamp14.jpeg 1024w, https:\/\/www.hasev.org.tr\/wp-content\/uploads\/2019\/08\/kamp14-300x225.jpeg 300w, https:\/\/www.hasev.org.tr\/wp-content\/uploads\/2019\/08\/kamp14-768x576.jpeg 768w\" sizes=\"(max-width: 1024px) 100vw, 1024px\" \/><\/figure>\n\n\n\n<figure class=\"wp-block-image\"><img loading=\"lazy\" decoding=\"async\" width=\"1024\" height=\"768\" data-id=\"139\" src=\"http:\/\/www.hasev.org.tr\/wp-content\/uploads\/2019\/08\/kamp16-1024x768.jpeg\" alt=\"\" class=\"wp-image-139\" srcset=\"https:\/\/www.hasev.org.tr\/wp-content\/uploads\/2019\/08\/kamp16.jpeg 1024w, https:\/\/www.hasev.org.tr\/wp-content\/uploads\/2019\/08\/kamp16-300x225.jpeg 300w, https:\/\/www.hasev.org.tr\/wp-content\/uploads\/2019\/08\/kamp16-768x576.jpeg 768w\" sizes=\"(max-width: 1024px) 100vw, 1024px\" \/><\/figure>\n<\/figure>\n\n\n\n<div class=\"wp-block-media-text alignwide\"><figure class=\"wp-block-media-text__media\"><img loading=\"lazy\" decoding=\"async\" width=\"1024\" height=\"768\" src=\"http:\/\/www.hasev.org.tr\/wp-content\/uploads\/2019\/07\/hatay-1024x768.jpeg\" alt=\"\" class=\"wp-image-76\" srcset=\"https:\/\/www.hasev.org.tr\/wp-content\/uploads\/2019\/07\/hatay.jpeg 1024w, https:\/\/www.hasev.org.tr\/wp-content\/uploads\/2019\/07\/hatay-300x225.jpeg 300w, https:\/\/www.hasev.org.tr\/wp-content\/uploads\/2019\/07\/hatay-768x576.jpeg 768w\" sizes=\"(max-width: 1024px) 100vw, 1024px\" \/><\/figure><div class=\"wp-block-media-text__content\">\n\n<p>2019 Ramazan ay\u0131nda <em>Hayad Derne\u011fi<\/em><strong>&nbsp;<\/strong>i\u015fbirli\u011fi ile Hatay K\u0131r\u0131khan\u2019da iftar yeme\u011fi da\u011f\u0131t\u0131ld\u0131.<\/p>\n\n<\/div><\/div>\n\n\n\n<div class=\"wp-block-media-text alignwide\"><figure class=\"wp-block-media-text__media\"><img loading=\"lazy\" decoding=\"async\" width=\"1024\" height=\"577\" src=\"http:\/\/www.hasev.org.tr\/wp-content\/uploads\/2019\/07\/s\u0131n\u0131f-1024x577.jpeg\" alt=\"\" class=\"wp-image-62\" srcset=\"https:\/\/www.hasev.org.tr\/wp-content\/uploads\/2019\/07\/s\u0131n\u0131f-1024x577.jpeg 1024w, https:\/\/www.hasev.org.tr\/wp-content\/uploads\/2019\/07\/s\u0131n\u0131f-300x169.jpeg 300w, https:\/\/www.hasev.org.tr\/wp-content\/uploads\/2019\/07\/s\u0131n\u0131f-768x432.jpeg 768w, https:\/\/www.hasev.org.tr\/wp-content\/uploads\/2019\/07\/s\u0131n\u0131f-1568x883.jpeg 1568w, https:\/\/www.hasev.org.tr\/wp-content\/uploads\/2019\/07\/s\u0131n\u0131f.jpeg 1600w\" sizes=\"(max-width: 1024px) 100vw, 1024px\" \/><\/figure><div class=\"wp-block-media-text__content\">\n\n<p>Vakf\u0131m\u0131z\u0131n merkez binas\u0131ndaki dersli\u011fimizde, orta\u00f6\u011fretim \u00f6\u011frencilerine hafta sonlar\u0131 \u0130ngilizce ve Matematik takviye dersleri verilmektedir.   <\/p>\n\n<\/div><\/div>\n\n\n\n<div class=\"wp-block-media-text alignwide\"><figure class=\"wp-block-media-text__media\"><img loading=\"lazy\" decoding=\"async\" width=\"1024\" height=\"768\" src=\"http:\/\/www.hasev.org.tr\/wp-content\/uploads\/2019\/07\/al\u0131\u015fveri\u015f-1024x768.jpeg\" alt=\"\" class=\"wp-image-70\" srcset=\"https:\/\/www.hasev.org.tr\/wp-content\/uploads\/2019\/07\/al\u0131\u015fveri\u015f.jpeg 1024w, https:\/\/www.hasev.org.tr\/wp-content\/uploads\/2019\/07\/al\u0131\u015fveri\u015f-300x225.jpeg 300w, https:\/\/www.hasev.org.tr\/wp-content\/uploads\/2019\/07\/al\u0131\u015fveri\u015f-768x576.jpeg 768w\" sizes=\"(max-width: 1024px) 100vw, 1024px\" \/><\/figure><div class=\"wp-block-media-text__content\">\n\n<p><em>\u0130stanbul Tekirda\u011f Edirne K\u0131rklareli Roman Dezavantajl\u0131lar Derne\u011fi<\/em> ile ortak program kapsam\u0131nda 55 \u00e7ocu\u011fa bayraml\u0131k k\u0131yafet al\u0131nd\u0131.<\/p>\n\n<\/div><\/div>\n\n\n\n<figure class=\"wp-block-gallery alignleft has-nested-images columns-default wp-block-gallery-2 is-layout-flex wp-block-gallery-is-layout-flex\">\n<figure class=\"wp-block-image\"><a href=\"http:\/\/www.hasev.org.tr\/wp-content\/uploads\/2019\/07\/als.jpeg\"><img loading=\"lazy\" decoding=\"async\" width=\"1024\" height=\"768\" data-id=\"71\" src=\"http:\/\/www.hasev.org.tr\/wp-content\/uploads\/2019\/07\/als-1024x768.jpeg\" alt=\"\" class=\"wp-image-71\" srcset=\"https:\/\/www.hasev.org.tr\/wp-content\/uploads\/2019\/07\/als.jpeg 1024w, https:\/\/www.hasev.org.tr\/wp-content\/uploads\/2019\/07\/als-300x225.jpeg 300w, https:\/\/www.hasev.org.tr\/wp-content\/uploads\/2019\/07\/als-768x576.jpeg 768w\" sizes=\"(max-width: 1024px) 100vw, 1024px\" \/><\/a><\/figure>\n\n\n\n<figure class=\"wp-block-image\"><a href=\"http:\/\/www.hasev.org.tr\/wp-content\/uploads\/2019\/07\/al\u0131\u015fveri\u015f4.jpeg\"><img loading=\"lazy\" decoding=\"async\" width=\"768\" height=\"1024\" data-id=\"69\" src=\"http:\/\/www.hasev.org.tr\/wp-content\/uploads\/2019\/07\/al\u0131\u015fveri\u015f4-768x1024.jpeg\" alt=\"\" class=\"wp-image-69\" srcset=\"https:\/\/www.hasev.org.tr\/wp-content\/uploads\/2019\/07\/al\u0131\u015fveri\u015f4.jpeg 768w, https:\/\/www.hasev.org.tr\/wp-content\/uploads\/2019\/07\/al\u0131\u015fveri\u015f4-225x300.jpeg 225w\" sizes=\"(max-width: 768px) 100vw, 768px\" \/><\/a><\/figure>\n\n\n\n<figure class=\"wp-block-image\"><a href=\"http:\/\/www.hasev.org.tr\/wp-content\/uploads\/2019\/07\/al\u0131\u015fveri\u015f-2.jpeg\"><img loading=\"lazy\" decoding=\"async\" width=\"768\" height=\"1024\" data-id=\"67\" src=\"http:\/\/www.hasev.org.tr\/wp-content\/uploads\/2019\/07\/al\u0131\u015fveri\u015f-2-768x1024.jpeg\" alt=\"\" class=\"wp-image-67\" srcset=\"https:\/\/www.hasev.org.tr\/wp-content\/uploads\/2019\/07\/al\u0131\u015fveri\u015f-2.jpeg 768w, https:\/\/www.hasev.org.tr\/wp-content\/uploads\/2019\/07\/al\u0131\u015fveri\u015f-2-225x300.jpeg 225w\" sizes=\"(max-width: 768px) 100vw, 768px\" \/><\/a><\/figure>\n<\/figure>\n","protected":false},"excerpt":{"rendered":"<p>3-7 A\u011fustos 2019\u2019da orta okul \u00f6\u011frencilerine y\u00f6nelik \u0130ngilizce ve Arap\u00e7a dersleri, de\u011ferler e\u011fitimi, geziler ve etkinlikleri kapsayan HASEV Yaz Kamp\u0131 Beykoz\u2019da ger\u00e7ekle\u015fti. 2019 Ramazan ay\u0131nda Hayad Derne\u011fi&nbsp;i\u015fbirli\u011fi ile Hatay K\u0131r\u0131khan\u2019da iftar yeme\u011fi da\u011f\u0131t\u0131ld\u0131. Vakf\u0131m\u0131z\u0131n merkez binas\u0131ndaki dersli\u011fimizde, orta\u00f6\u011fretim \u00f6\u011frencilerine hafta sonlar\u0131 \u0130ngilizce ve Matematik takviye dersleri verilmektedir. \u0130stanbul Tekirda\u011f Edirne K\u0131rklareli Roman Dezavantajl\u0131lar Derne\u011fi ile [&hellip;]<\/p>\n","protected":false},"author":2,"featured_media":5,"parent":0,"menu_order":3,"comment_status":"closed","ping_status":"closed","template":"","meta":{"footnotes":""},"_links":{"self":[{"href":"https:\/\/www.hasev.org.tr\/index.php?rest_route=\/wp\/v2\/pages\/29"}],"collection":[{"href":"https:\/\/www.hasev.org.tr\/index.php?rest_route=\/wp\/v2\/pages"}],"about":[{"href":"https:\/\/www.hasev.org.tr\/index.php?rest_route=\/wp\/v2\/types\/page"}],"author":[{"embeddable":true,"href":"https:\/\/www.hasev.org.tr\/index.php?rest_route=\/wp\/v2\/users\/2"}],"replies":[{"embeddable":true,"href":"https:\/\/www.hasev.org.tr\/index.php?rest_route=%2Fwp%2Fv2%2Fcomments&post=29"}],"version-history":[{"count":22,"href":"https:\/\/www.hasev.org.tr\/index.php?rest_route=\/wp\/v2\/pages\/29\/revisions"}],"predecessor-version":[{"id":240,"href":"https:\/\/www.hasev.org.tr\/index.php?rest_route=\/wp\/v2\/pages\/29\/revisions\/240"}],"wp:featuredmedia":[{"embeddable":true,"href":"https:\/\/www.hasev.org.tr\/index.php?rest_route=\/wp\/v2\/media\/5"}],"wp:attachment":[{"href":"https:\/\/www.hasev.org.tr\/index.php?rest_route=%2Fwp%2Fv2%2Fmedia&parent=29"}],"curies":[{"name":"wp","href":"https:\/\/api.w.org\/{rel}","templated":true}]}}